 = 15, -5*q - 6 + 21 = 5*m. What is the units digit of q?
4
Let j(i) = -i**3 - 5*i**2 - 3*i + 4. Let g be j(-4). Let f = g - 0. Suppose f = y + y - 10. What is the units digit of y?
5
Let w be (4/3)/((-4)/(-6)). Suppose 3*f = w*y, y - 2*f - 10 = -3*f. What is the units digit of y?
6
Let f = -16 - -34. Suppose 5*r - 62 = f. What is the tens digit of r?
1
Let o(t) = -12*t - 2. What is the tens digit of o(-5)?
5
Let b(g) = -2*g + 2. Let c be b(-4). Let m(h) = -h**2 + 11*h - 7. What is the units digit of m(c)?
3
Let g(y) = y**3 - 5*y**2 + 11*y + 2. What is the tens digit of g(5)?
5
Suppose -3*s = h - 45, -s + 2*h + 7 = 5*h. What is the tens digit of s?
1
Let q = 6 + -4. Let m(c) = q*c - 7*c - c. What is the units digit of m(-1)?
6
Suppose -5*x = -3*v - 25, 3*x = -2*v - v - 57. Let t = 37 + v. What is the tens digit of t?
2
Suppose -178 = -10*g + 8*g. What is the units digit of g?
9
Let j(l) = l**3 - 7*l**2 + 9*l - 3. Let g = 12 - 6. What is the units digit of j(g)?
5
Suppose 0 = -0*v - 3*v + 27. Let m = v + -7. Suppose 5*k - k - m*f = 74, -f = -3. What is the units digit of k?
0
Let u(c) = 0*c + 2*c**2 - 83 + 81 - 6*c + c**3. What is the units digit of u(-3)?
7
Let i(p) = p**3 + 11*p**2 + 11*p - 9. Let g be i(-10). What is the units digit of 0/1 - (g + 5)?
4
Let d(n) = n - 2. Let l be d(5). Suppose -4*v = 12, 3*v - 2 = -l*q + 55. What is the units digit of (-10)/(-15) + q/3?
8
Suppose 0 = 4*x - 6*x + 114. What is the tens digit of x?
5
Let r(s) = 7*s + 6*s + 0*s**2 - 4*s - 9 + s**2. What is the units digit of r(-10)?
1
Let k = -1 + 2. Suppose -4 = 2*n, 2*g + 5*n + 3 + k = 0. Suppose g*p = -1 + 10. What is the units digit of p?
3
Let m be (-1 - 7)*204/(-16). Let j = m + -65. What is the units digit of j?
7
Suppose -5*x + 481 + 54 = 4*y, -405 = -3*y - 5*x. What is the hundreds digit of y?
1
Suppose y + 4*i = 15, 4*y + i = -18 + 48. Suppose y*t - 4*t + 13 = 5*g, -2*t - 6 = -2*g. Suppose 4*c - g*c - 8 = 0. What is the units digit of c?
4
Let t = 9 - 9. Let v = t + 0. Suppose 0 = -3*r + a - 2*a, -r + 2*a + 7 = v. What is the units digit of r?
1
Suppose -3*n = n - 12. Suppose t - 12 = -n*t. Suppose -77 = -4*a - 3*q, -6*q = -t*a - q + 36. What is the units digit of a?
7
Suppose -3*t - 63 = -3*m, 5*m - 75 - 36 = 3*t. What is the units digit of m?
4
Suppose 40 = -3*t + t. Let a be (t/(-2))/((-5)/10). Let l = a + 29. What is the units digit of l?
9
Let u(q) = -54*q**2 - 2*q - 1. Let a be u(-2). Let i be 2/6 + a/(-9). Suppose 3*n = -0*n + i. What is the units digit of n?
8
Suppose 5*t - 43 - 122 = 0. What is the units digit of t?
3
What is the units digit of (3/(-6))/(1/(-44))?
2
Let c(m) = -11*m - 29. Let k(w) = 28*w + 72. Let s(i) = -12*c(i) - 5*k(i). What is the tens digit of s(-8)?
5
Let z be 4/6 - 26/(-6). Suppose 0 = -z*l + 2 + 33. What is the units digit of l?
7
Let l = -9 + 4. Let a = -3 - l. Suppose 4*h - 44 = -2*z, a*h - 31 = -h - z. What is the units digit of h?
9
Suppose 189 = 4*c - 2*w + w, 5*w + 71 = c. What is the units digit of 2/3 + c/3?
6
Let b = 43 - 5. What is the tens digit of b?
3
Suppose -n + 5 = v, -4*n + 19 = -3*v - 1. Suppose 0*s + 3*y + 8 = -s, -3*s + 18 = -n*y. Let x = s + 4. What is the units digit of x?
5
Suppose -4*x = -p - 20 - 279, -223 = -3*x + 2*p. What is the tens digit of x?
7
Let h = -11 - -16. What is the units digit of h?
5
Suppose 4*p = -0*p + 248. What is the units digit of p?
2
Suppose 3*k = 5*k - 8. Let f = k - 2. What is the units digit of f?
2
Suppose 0 = 3*q - 60 - 3. What is the tens digit of q?
2
Let p(g) = -g**2 + 9*g - 3. Let y be p(9). Let j be (3 + y)*1*-1. What is the units digit of (-1 - (1 + j)) + 6?
4
Suppose 0 = -5*c + q + 172, -2*c + 178 = 3*c - 4*q. What is the units digit of c?
4
Suppose -z - 36 = -2*z. Suppose 8 = 2*c + 5*a + z, 5*a = 0. Let y = -6 - c. What is the units digit of y?
8
Let h be 2/4 - 1/2. Suppose c - 3*c + 46 = h. What is the units digit of c?
3
Suppose 3*w - 144 = 225. What is the tens digit of w?
2
Let u(g) = g**3 + 2*g**2 - 3*g + 3. Let a be u(-3). Let v = -6 + 18. Suppose -a*n = -v - 24. What is the units digit of n?
2
Let y(z) be the first derivative of z**4/12 + z**3/6 + 3*z**2 - 2*z - 2. Let m(h) be the first derivative of y(h). What is the units digit of m(0)?
6
Let t(d) = 27*d + 10. What is the units digit of t(3)?
1
Let l be 0/(9/(-3))*-1. Suppose h - 2 = -l*h. What is the units digit of h?
2
What is the tens digit of (-18627)/(-147) + 4/14?
2
Let j = 4 - 3. What is the units digit of j?
1
What is the tens digit of (-298)/(-4)*(-5 - -7)?
4
Let c = 22 - 6. What is the tens digit of c?
1
Let u(o) = -7*o + 5. What is the units digit of u(-5)?
0
Let k(n) = 9*n**2 + 2*n + 4. Let p be k(-2). What is the units digit of 1/6 - (-786)/p?
2
Let u(v) = -2*v**3 - 3*v**2 - v. Let i be ((-2)/(-4))/((-3)/12). What is the units digit of u(i)?
6
Let s = 17 - 13. What is the units digit of s?
4
Let m(x) = 2 + 3 - 2*x + 0 - 1. What is the units digit of m(-5)?
4
Suppose 1802 = 10*u - 1118. What is the tens digit of u?
9
Let m(n) = 3*n**2 + 2*n - 2. Let a be (3 - 1) + -3 - -3. Let k be m(a). Suppose -2*p = 5*y + 2*p - 36, 2*y = -2*p + k. What is the units digit of y?
8
Let u(v) be the third derivative of v**5/60 - 7*v**4/24 - v**2. Let z be u(6). What is the units digit of z/(-4) - (-4)/8?
2
Let a(m) = -2*m - 9. Suppose 2*k = -2 - 10. What is the units digit of a(k)?
3
Let a = 5 - 5. Suppose 5*c - 87 + 7 = a. Suppose v = 2*q - 1, -2*q + c = 3*v - v. What is the units digit of v?
5
Suppose i - 2 - 1 = 0. Suppose -37 = -5*t + 3*q + 2, i*q + 3 = -t. What is the units digit of t?
6
Let h(i) = -i**3 + 4*i**2 - i - 4. Let b be h(3). Suppose 2*t = -b*r + 32, -3*t = -0*t - 9. What is the tens digit of r?
1
Suppose 5*o = -5*m, -6*o + 3*m = -2*o - 14. Suppose 0 = o*s - 5 - 3. What is the units digit of s?
4
Suppose -200 + 566 = 2*f + 2*y, 5*f - 939 = 3*y. What is the tens digit of f?
8
Suppose 0 = x + 2*o - 33, x + x - 66 = -5*o. Suppose -i + 2*w = 5*w - 13, -w = -2*i + x. What is the units digit of i?
6
Let a = 75 + -40. Suppose 1 + a = -2*o. What is the units digit of (84/o)/(2/(-6))?
4
Suppose -5*y + 10 = -0. Let f be 1/(0 - 4/(-8)). Suppose 16 = 5*k + s, -2*k - 3*s = f + y. What is the units digit of k?
4
Suppose -u + 3*s - 1 = 9, 3*u = -4*s + 22. Suppose 0 = -u*w - 2*w + 76. What is the tens digit of w?
1
Let c(m) be the first derivative of 3*m**3 + m**2/2 + 2*m - 1. Let a(s) be the first derivative of c(s). What is the units digit of a(1)?
9
Let o(k) = -k + k - k**3 + 10*k**2 - 7*k + 7 - 2*k. What is the units digit of o(9)?
7
Let y(i) = -i**2 - 10. Let z be y(0). Let m = -5 - z. What is the units digit of m?
5
Let t(o) = o + 9. What is the units digit of t(-5)?
4
Suppose 8 = -2*t + 3*o + 26, -2*t + 5*o = -22. Let y(b) = 8*b**2 + 0*b**3 - 2*b**3 + t*b + 3*b**3 - 1. What is the units digit of y(-7)?
6
Suppose c - 2*f - 258 = 0, 0*c - 4*f = 5*c - 1304. Suppose -7*m + 2*m + 5*k + c = 0, 2*m + k = 113. What is the tens digit of m?
5
Suppose -k + 4*l = -0*l - 43, 3*k = l + 140. What is the tens digit of k?
4
Let b be 3 + (8/2)/(-4). Suppose -4*w = -3*p - b*p + 138, 0 = -5*p + w + 132. What is the tens digit of p?
2
Suppose 0 = 4*k + 4*h - 90 - 26, 54 = k - 4*h. What is the tens digit of k?
3
What is the hundreds digit of (9/(-2))/((-24)/1760)?
3
Suppose 3*z - 2*m + 0*m - 52 = 0, -4 = -4*m. What is the tens digit of z?
1
Let n be 1/2 - 6/(-4). Suppose -f + n*f + 6 = 0. What is the units digit of 1*-2*3/f?
1
Suppose 0 = 3*g - 3 - 3. Let u(z) = -z**2 + z**g - 2*z**2 + 4*z**2 - 3. What is the tens digit of u(-3)?
1
Suppose -5*t - 25 = 0, -t - 29 = -2*f + 4*t. Suppose f*o + 2*o = 116. What is the units digit of o?
9
Let u = 266 - -5. What is the units digit of u?
1
Suppose 0 = -4*k + 6 - 18. Let b be (-2 - k)*(-12)/2. What is the units digit of -3 - (b + 3) - -8?
8
Let r = -74 + 119. What is the units digit of r?
5
What is the tens digit of 9*(0 + 3)*2?
5
Let f be (30/(-8))/(2/8). Let z = 28 + f. What is the tens digit of z?
1
Suppose 6*o = o. Suppose -2*n = -11 + 1, i - 4*n + 15 = o. Suppose 5*x = -i*p + 5, x - p - 4 = p. What is the units digit of x?
2
Let z(h) = h**2 - 2*h - 4. What is the tens digit of z(10)?
7
Suppose c - 2*h = 2*c - 18, -4*c + 3*h + 39 = 0. Suppose -5*z + 8*z - c = 0. What is th